[INFO] cloning repository https://github.com/mmrath/oms
[INFO] running `Command { std: "git" "-c" "credential.helper=" "-c" "credential.helper=/workspace/cargo-home/bin/git-credential-null" "clone" "--bare" "https://github.com/mmrath/oms" "/workspace/cache/git-repos/https%3A%2F%2Fgithub.com%2Fmmrath%2Foms", kill_on_drop: false }`
[INFO] [stderr] Cloning into bare repository '/workspace/cache/git-repos/https%3A%2F%2Fgithub.com%2Fmmrath%2Foms'...
[INFO] running `Command { std: "git" "rev-parse" "HEAD", kill_on_drop: false }`
[INFO] [stdout] 343d46322cacf79d84cf74b8ba6e3aaed506b63b
[INFO] checking mmrath/oms against master#af3c6e733a40e671550e0f0f5aeecaa13772ba56 for pr-74989
[INFO] running `Command { std: "git" "clone" "/workspace/cache/git-repos/https%3A%2F%2Fgithub.com%2Fmmrath%2Foms" "/workspace/builds/worker-5/source", kill_on_drop: false }`
[INFO] [stderr] Cloning into '/workspace/builds/worker-5/source'...
[INFO] [stderr] done.
[INFO] validating manifest of git repo https://github.com/mmrath/oms on toolchain af3c6e733a40e671550e0f0f5aeecaa13772ba56
[INFO] running `Command { std: "/workspace/cargo-home/bin/cargo" "+af3c6e733a40e671550e0f0f5aeecaa13772ba56" "read-manifest" "--manifest-path" "Cargo.toml", kill_on_drop: false }`
[INFO] started tweaking git repo https://github.com/mmrath/oms
[INFO] finished tweaking git repo https://github.com/mmrath/oms
[INFO] tweaked toml for git repo https://github.com/mmrath/oms written to /workspace/builds/worker-5/source/Cargo.toml
[INFO] crate git repo https://github.com/mmrath/oms already has a lockfile, it will not be regenerated
[INFO] running `Command { std: "/workspace/cargo-home/bin/cargo" "+af3c6e733a40e671550e0f0f5aeecaa13772ba56" "fetch" "--locked" "--manifest-path" "Cargo.toml", kill_on_drop: false }`
[INFO] running `Command { std: "docker" "create" "-v" "/var/lib/crater-agent-workspace/builds/worker-5/target:/opt/rustwide/target:rw,Z" "-v" "/var/lib/crater-agent-workspace/builds/worker-5/source:/opt/rustwide/workdir:ro,Z" "-v" "/var/lib/crater-agent-workspace/cargo-home:/opt/rustwide/cargo-home:ro,Z" "-v" "/var/lib/crater-agent-workspace/rustup-home:/opt/rustwide/rustup-home:ro,Z" "-e" "SOURCE_DIR=/opt/rustwide/workdir" "-e" "CARGO_TARGET_DIR=/opt/rustwide/target" "-e" "CARGO_HOME=/opt/rustwide/cargo-home" "-e" "RUSTUP_HOME=/opt/rustwide/rustup-home" "-w" "/opt/rustwide/workdir" "-m" "1610612736" "--user" "0:0" "--network" "none" "rustops/crates-build-env@sha256:d92eaeed33fa75130ca1ee6c8a01d1ffb62bac859dfdfb3450e3e5d1c0146529" "/opt/rustwide/cargo-home/bin/cargo" "+af3c6e733a40e671550e0f0f5aeecaa13772ba56" "metadata" "--no-deps" "--format-version=1", kill_on_drop: false }`
[INFO] [stdout] fdf7d84ca846e6c979d2b295d2b2e9aa88ef0ea833defd680ebd1b7692f46207
[INFO] [stderr] WARNING: Your kernel does not support swap limit capabilities or the cgroup is not mounted. Memory limited without swap.
[INFO] running `Command { std: "docker" "start" "-a" "fdf7d84ca846e6c979d2b295d2b2e9aa88ef0ea833defd680ebd1b7692f46207", kill_on_drop: false }`
[INFO] running `Command { std: "docker" "inspect" "fdf7d84ca846e6c979d2b295d2b2e9aa88ef0ea833defd680ebd1b7692f46207", kill_on_drop: false }`
[INFO] running `Command { std: "docker" "rm" "-f" "fdf7d84ca846e6c979d2b295d2b2e9aa88ef0ea833defd680ebd1b7692f46207", kill_on_drop: false }`
[INFO] [stdout] fdf7d84ca846e6c979d2b295d2b2e9aa88ef0ea833defd680ebd1b7692f46207
[INFO] running `Command { std: "docker" "create" "-v" "/var/lib/crater-agent-workspace/builds/worker-5/target:/opt/rustwide/target:rw,Z" "-v" "/var/lib/crater-agent-workspace/builds/worker-5/source:/opt/rustwide/workdir:ro,Z" "-v" "/var/lib/crater-agent-workspace/cargo-home:/opt/rustwide/cargo-home:ro,Z" "-v" "/var/lib/crater-agent-workspace/rustup-home:/opt/rustwide/rustup-home:ro,Z" "-e" "SOURCE_DIR=/opt/rustwide/workdir" "-e" "CARGO_TARGET_DIR=/opt/rustwide/target" "-e" "CARGO_INCREMENTAL=0" "-e" "RUST_BACKTRACE=full" "-e" "RUSTFLAGS=--cap-lints=forbid" "-e" "CARGO_HOME=/opt/rustwide/cargo-home" "-e" "RUSTUP_HOME=/opt/rustwide/rustup-home" "-w" "/opt/rustwide/workdir" "-m" "1610612736" "--user" "0:0" "--network" "none" "rustops/crates-build-env@sha256:d92eaeed33fa75130ca1ee6c8a01d1ffb62bac859dfdfb3450e3e5d1c0146529" "/opt/rustwide/cargo-home/bin/cargo" "+af3c6e733a40e671550e0f0f5aeecaa13772ba56" "check" "--frozen" "--all" "--all-targets" "--message-format=json", kill_on_drop: false }`
[INFO] [stderr] WARNING: Your kernel does not support swap limit capabilities or the cgroup is not mounted. Memory limited without swap.
[INFO] [stdout] 1271157ad6b04ce3f5cc4d1366a35a518ff4c287c6a850189d8c7b86c84ebfb0
[INFO] running `Command { std: "docker" "start" "-a" "1271157ad6b04ce3f5cc4d1366a35a518ff4c287c6a850189d8c7b86c84ebfb0", kill_on_drop: false }`
[INFO] [stderr]     Blocking waiting for file lock on package cache
[INFO] [stderr]     Checking libc v0.2.39
[INFO] [stderr]    Compiling unicode-xid v0.1.0
[INFO] [stderr]    Compiling cc v1.0.7
[INFO] [stderr]     Checking cfg-if v0.1.2
[INFO] [stderr]     Checking num-traits v0.2.1
[INFO] [stderr]     Checking lazy_static v1.0.0
[INFO] [stderr]     Checking serde v1.0.33
[INFO] [stderr]     Checking void v1.0.2
[INFO] [stderr]    Compiling regex v0.2.9
[INFO] [stderr]     Checking utf8-ranges v1.0.0
[INFO] [stderr]     Checking termcolor v0.3.5
[INFO] [stderr]    Compiling syn v0.11.11
[INFO] [stderr]     Checking regex-syntax v0.5.3
[INFO] [stderr]     Checking log v0.4.1
[INFO] [stderr]    Compiling proc-macro2 v0.2.3
[INFO] [stderr]     Checking unreachable v1.0.0
[INFO] [stderr]     Checking thread_local v0.3.5
[INFO] [stderr]    Compiling quote v0.4.2
[INFO] [stderr]     Checking num-integer v0.1.36
[INFO] [stderr]     Checking memchr v2.0.1
[INFO] [stderr]     Checking time v0.1.39
[INFO] [stderr]     Checking atty v0.2.8
[INFO] [stderr]    Compiling syn v0.12.14
[INFO] [stderr]     Checking csv-core v0.1.4
[INFO] [stderr]     Checking aho-corasick v0.6.4
[INFO] [stderr]    Compiling backtrace-sys v0.1.16
[INFO] [stderr]     Checking num-iter v0.1.35
[INFO] [stderr]     Checking num v0.1.42
[INFO] [stderr]    Compiling synstructure v0.6.1
[INFO] [stderr]    Compiling failure_derive v0.1.1
[INFO] [stderr]     Checking env_logger v0.5.5
[INFO] [stderr]    Compiling serde_derive_internals v0.21.0
[INFO] [stderr]    Compiling serde_derive v1.0.33
[INFO] [stderr]     Checking csv v1.0.0-beta.5
[INFO] [stderr]     Checking chrono v0.4.0
[INFO] [stderr]     Checking backtrace v0.3.5
[INFO] [stderr]     Checking failure v0.1.1
[INFO] [stderr]     Checking oms v0.1.0 (/opt/rustwide/workdir)
[INFO] [stdout] error[E0433]: failed to resolve: global paths cannot start with `crate`
[INFO] [stdout]    --> src/order_book.rs:288:11
[INFO] [stdout]     |
[INFO] [stdout] 288 |         ::crate::core::test_setup();
[INFO] [stdout]     |           ^^^^^ global paths cannot start with `crate`
[INFO] [stdout] 
[INFO] [stdout] 
[INFO] [stdout] error[E0433]: failed to resolve: global paths cannot start with `crate`
[INFO] [stdout]    --> src/order_book.rs:303:11
[INFO] [stdout]     |
[INFO] [stdout] 303 |         ::crate::core::test_setup();
[INFO] [stdout]     |           ^^^^^ global paths cannot start with `crate`
[INFO] [stdout] 
[INFO] [stdout] 
[INFO] [stdout] error[E0433]: failed to resolve: global paths cannot start with `crate`
[INFO] [stdout]    --> src/order_book.rs:519:11
[INFO] [stdout]     |
[INFO] [stdout] 519 |         ::crate::core::test_setup();
[INFO] [stdout]     |           ^^^^^ global paths cannot start with `crate`
[INFO] [stdout] 
[INFO] [stdout] 
[INFO] [stdout] warning: use of deprecated constant `std::sync::ONCE_INIT`: the `new` function is now preferred
[INFO] [stdout]   --> src/model.rs:20:1
[INFO] [stdout]    |
[INFO] [stdout] 20 | / lazy_static! {
[INFO] [stdout] 21 | |     pub static ref ORDER_ID_GEN : IdGen = IdGen::new();
[INFO] [stdout] 22 | | }
[INFO] [stdout]    | |_^
[INFO] [stdout]    |
[INFO] [stdout]    = note: `#[warn(deprecated)]` on by default
[INFO] [stdout]    = note: this warning originates in a macro (in Nightly builds, run with -Z macro-backtrace for more info)
[INFO] [stdout] 
[INFO] [stdout] 
[INFO] [stdout] warning: use of deprecated constant `std::sync::ONCE_INIT`: the `new` function is now preferred
[INFO] [stdout]   --> src/model.rs:24:1
[INFO] [stdout]    |
[INFO] [stdout] 24 | / lazy_static! {
[INFO] [stdout] 25 | |     pub static ref ORDER_FILL_ID_GEN : IdGen = IdGen::new();
[INFO] [stdout] 26 | | }
[INFO] [stdout]    | |_^
[INFO] [stdout]    |
[INFO] [stdout]    = note: this warning originates in a macro (in Nightly builds, run with -Z macro-backtrace for more info)
[INFO] [stdout] 
[INFO] [stdout] 
[INFO] [stdout] warning: the item `env_logger` is imported redundantly
[INFO] [stdout]   --> src/model.rs:30:9
[INFO] [stdout]    |
[INFO] [stdout] 30 |     use env_logger;
[INFO] [stdout]    |         ^^^^^^^^^^
[INFO] [stdout]    | 
[INFO] [stdout]   ::: src/lib.rs:18:1
[INFO] [stdout]    |
[INFO] [stdout] 18 | extern crate env_logger;
[INFO] [stdout]    | ------------------------ the item `env_logger` is already imported here
[INFO] [stdout]    |
[INFO] [stdout]    = note: `#[warn(unused_imports)]` on by default
[INFO] [stdout] 
[INFO] [stdout] 
[INFO] [stdout] warning: use of deprecated constant `std::sync::ONCE_INIT`: the `new` function is now preferred
[INFO] [stdout]   --> src/model.rs:20:1
[INFO] [stdout]    |
[INFO] [stdout] 20 | / lazy_static! {
[INFO] [stdout] 21 | |     pub static ref ORDER_ID_GEN : IdGen = IdGen::new();
[INFO] [stdout] 22 | | }
[INFO] [stdout]    | |_^
[INFO] [stdout]    |
[INFO] [stdout]    = note: `#[warn(deprecated)]` on by default
[INFO] [stdout]    = note: this warning originates in a macro (in Nightly builds, run with -Z macro-backtrace for more info)
[INFO] [stdout] 
[INFO] [stdout] 
[INFO] [stdout] warning: use of deprecated constant `std::sync::ONCE_INIT`: the `new` function is now preferred
[INFO] [stdout]   --> src/model.rs:24:1
[INFO] [stdout]    |
[INFO] [stdout] 24 | / lazy_static! {
[INFO] [stdout] 25 | |     pub static ref ORDER_FILL_ID_GEN : IdGen = IdGen::new();
[INFO] [stdout] 26 | | }
[INFO] [stdout]    | |_^
[INFO] [stdout]    |
[INFO] [stdout]    = note: this warning originates in a macro (in Nightly builds, run with -Z macro-backtrace for more info)
[INFO] [stdout] 
[INFO] [stdout] 
[INFO] [stdout] warning: the feature `crate_in_paths` has been stable since 1.30.0 and no longer requires an attribute to enable
[INFO] [stdout]  --> src/lib.rs:2:12
[INFO] [stdout]   |
[INFO] [stdout] 2 | #![feature(crate_in_paths)]
[INFO] [stdout]   |            ^^^^^^^^^^^^^^
[INFO] [stdout]   |
[INFO] [stdout]   = note: `#[warn(stable_features)]` on by default
[INFO] [stdout] 
[INFO] [stdout] 
[INFO] [stdout] warning: the feature `match_default_bindings` has been stable since 1.26.0 and no longer requires an attribute to enable
[INFO] [stdout]  --> src/lib.rs:4:12
[INFO] [stdout]   |
[INFO] [stdout] 4 | #![feature(match_default_bindings)]
[INFO] [stdout]   |            ^^^^^^^^^^^^^^^^^^^^^^
[INFO] [stdout] 
[INFO] [stdout] 
[INFO] [stdout] error: aborting due to 3 previous errors; 3 warnings emitted
[INFO] [stdout] 
[INFO] [stdout] 
[INFO] [stdout] For more information about this error, try `rustc --explain E0433`.
[INFO] [stdout] 
[INFO] [stdout] warning: 4 warnings emitted
[INFO] [stdout] 
[INFO] [stdout] 
[INFO] [stderr] error: could not compile `oms`.
[INFO] [stderr] 
[INFO] [stderr] To learn more, run the command again with --verbose.
[INFO] [stderr] warning: build failed, waiting for other jobs to finish...
[INFO] [stderr] error: build failed
[INFO] running `Command { std: "docker" "inspect" "1271157ad6b04ce3f5cc4d1366a35a518ff4c287c6a850189d8c7b86c84ebfb0", kill_on_drop: false }`
[INFO] running `Command { std: "docker" "rm" "-f" "1271157ad6b04ce3f5cc4d1366a35a518ff4c287c6a850189d8c7b86c84ebfb0", kill_on_drop: false }`
[INFO] [stdout] 1271157ad6b04ce3f5cc4d1366a35a518ff4c287c6a850189d8c7b86c84ebfb0
